 1944?
8
Calculate the highest common divisor of 88 and 3256.
88
What is the highest common divisor of 768 and 48?
48
Calculate the greatest common divisor of 3929 and 1.
1
What is the highest common divisor of 2460 and 123?
123
Calculate the greatest common divisor of 11371 and 959.
137
Calculate the greatest common factor of 1406 and 266.
38
Calculate the greatest common factor of 2970 and 110.
110
Calculate the highest common divisor of 93 and 2139.
93
What is the highest common factor of 1728 and 513?
27
What is the highest common factor of 318 and 30?
6
What is the greatest common divisor of 72 and 16?
8
Calculate the greatest common factor of 615 and 570.
15
Calculate the greatest common divisor of 3113 and 55.
11
Calculate the greatest common factor of 6966 and 18.
18
What is the greatest common factor of 1157 and 13?
13
Calculate the highest common divisor of 9 and 5013.
9
Calculate the greatest common factor of 340 and 765.
85
Calculate the highest common divisor of 84 and 6252.
12
Calculate the greatest common divisor of 71 and 7739.
71
Calculate the highest common divisor of 1528 and 40.
8
What is the greatest common divisor of 13 and 6799?
13
What is the greatest common factor of 21 and 273?
21
What is the highest common divisor of 5 and 7?
1
Calculate the highest common divisor of 120 and 2330.
10
Calculate the highest common factor of 48 and 42.
6
What is the greatest common factor of 98 and 56?
14
Calculate the greatest common divisor of 61 and 671.
61
What is the greatest common divisor of 1955 and 230?
115
What is the greatest common factor of 13 and 50050?
13
Calculate the greatest common factor of 2993 and 146.
73
What is the greatest common divisor of 470 and 47?
47
Calculate the greatest common divisor of 5595 and 5.
5
Calculate the greatest common factor of 266 and 2261.
133
Calculate the greatest common divisor of 1390 and 10.
10
What is the highest common factor of 18 and 1329?
3
Calculate the greatest common divisor of 6474 and 507.
39
Calculate the greatest common divisor of 304 and 43928.
152
Calculate the highest common factor of 187 and 209.
11
Calculate the greatest common factor of 1270 and 30.
10
Calculate the greatest common factor of 119 and 35.
7
Calculate the greatest common divisor of 1862 and 1813.
49
What is the greatest common divisor of 4 and 2724?
4
Calculate the greatest common divisor of 7102 and 318.
106
What is the greatest common divisor of 225 and 72?
9
What is the greatest common factor of 8 and 64?
8
What is the highest common divisor of 490 and 10?
10
Calculate the greatest common divisor of 520 and 20.
20
Calculate the greatest common divisor of 482 and 3.
1
What is the greatest common factor of 275 and 5335?
55
Calculate the greatest common divisor of 1083 and 304.
19
Calculate the greatest common divisor of 558 and 954.
18
Calculate the greatest common factor of 8740 and 2070.
230
What is the highest common divisor of 16 and 5648?
16
Calculate the greatest common divisor of 82 and 8.
2
What is the greatest common divisor of 168 and 84?
84
Calculate the greatest common factor of 4 and 1868.
4
Calculate the highest common factor of 212 and 2597.
53
What is the highest common divisor of 184 and 1080?
8
What is the highest common factor of 272 and 2057?
17
Calculate the greatest common divisor of 144 and 1944.
72
Calculate the greatest common divisor of 216 and 16.
8
Calculate the highest common divisor of 851 and 37.
37
What is the highest common factor of 112 and 252?
28
What is the greatest common divisor of 15 and 1350?
15
What is the greatest common divisor of 3 and 939?
3
What is the greatest common divisor of 744 and 279?
93
What is the greatest common factor of 180 and 4740?
60
Calculate the highest common divisor of 164 and 738.
82
Calculate the highest common factor of 70 and 154.
14
Calculate the highest common factor of 236 and 59.
59
What is the highest common divisor of 280 and 616?
56
What is the greatest common factor of 5236 and 396?
44
What is the highest common divisor of 45 and 105?
15
Calculate the greatest common divisor of 57 and 19969.
19
Calculate the greatest common factor of 21056 and 64.
64
Calculate the greatest common factor of 216 and 8.
8
What is the greatest common divisor of 21 and 9?
3
What is the highest common divisor of 2101 and 22?
11
What is the highest common divisor of 93 and 434?
31
Calculate the highest common divisor of 10248 and 56.
56
Calculate the highest common factor of 455 and 13.
13
Calculate the highest common factor of 238 and 21.
7
What is the greatest common factor of 5826 and 6?
6
What is the highest common factor of 196 and 4?
4
Calculate the greatest common divisor of 1610 and 190.
10
Calculate the greatest common factor of 59 and 8791.
59
Calculate the highest common factor of 2499 and 34.
17
Calculate the highest common divisor of 5 and 6905.
5
What is the highest common divisor of 3755 and 5?
5
Calculate the highest common factor of 388 and 2813.
97
What is the highest common factor of 1524 and 24?
12
Calculate the greatest common factor of 19 and 38.
19
Calculate the greatest common divisor of 209 and 38.
19
What is the highest common factor of 215 and 26789?
43
Calculate the highest common divisor of 28 and 371.
7
Calculate the greatest common factor of 216 and 7464.
24
Calculate the highest common factor of 10582 and 44.
22
Calculate the highest common divisor of 39 and 52.
13
What is the greatest common factor of 42 and 54?
6
What is the greatest common factor of 15 and 33?
3
Calculate the greatest common divisor of 2950 and 20.
10
Calculate the greatest common factor of 5 and 62.
1
Calculate the greatest common divisor of 24 and 156.
12
What is the highest common divisor of 5871 and 19?
19
Calculate the highest common divisor of 140 and 3500.
140
Calculate the greatest common divisor of 972 and 48.
12
Calculate the highest common divisor of 20 and 1145.
5
What is the highest common divisor of 640 and 1520?
80
What is the highest common divisor of 12 and 52464?
12
Calculate the greatest common factor of 86 and 1892.
86
What is the highest common divisor of 5824 and 64?
64
What is the highest common factor of 2958 and 24?
6
What is the highest common divisor of 4836 and 1404?
156
What is the greatest common divisor of 78 and 286?
26
What is the highest common divisor of 72 and 1896?
24
What is the greatest common factor of 240 and 80?
80
What is the greatest common factor of 66 and 3586?
22
Calculate the greatest common factor of 16 and 28208.
16
Calculate the greatest common divisor of 53 and 901.
53
What is the greatest common factor of 129 and 430?
43
Calculate the highest common divisor of 567 and 126.
63
What is the highest common divisor of 16 and 304?
16
Calculate the highest common divisor of 90 and 5.
5
What is the highest common factor of 70 and 665?
35
What is the highest common factor of 385 and 3605?
35
Calculate the highest common factor of 28 and 3654.
14
Calculate the greatest common factor of 63 and 159.
3
Calculate the greatest common divisor of 153 and 34.
17
What is the greatest common factor of 2047 and 46?
23
Calculate the highest common factor of 3162 and 918.
102
What is the greatest common factor of 16169 and 874?
437
What is the greatest common factor of 105 and 21?
21
Calculate the highest common factor of 62 and 8.
2
Calculate the highest common divisor of 94 and 47.
47
What is the greatest common divisor of 540 and 27?
27
Calculate the highest common factor of 1002 and 18.
6
What is the greatest common divisor of 23 and 92?
23
Calculate the highest common factor of 244 and 183.
61
Calculate the greatest common divisor of 60 and 30.
30
Calculate the greatest common divisor of 195 and 455.
65
Calculate the highest common factor of 517 and 253.
11
Calculate the highest common divisor of 36 and 900.
36
What is the greatest common divisor of 4 and 74?
2
Calculate the highest common divisor of 16 and 22256.
16
What is the greatest common divisor of 56 and 21?
7
Calculate the highest common divisor of 1173 and 276.
69
Calculate the greatest common factor of 208 and 507.
13
What is the greatest common factor of 27 and 6246?
9
Calculate the greatest common divisor of 27 and 63207.
27
Calculate the highest 